 Let p(z) = 5*f(z) + 14*v(z). Let n = -4 - -1. Let q be 1/1 - 0 - n. Calculate p(q).
4
Let t(s) be the third derivative of -5*s**2 + 0 - 2/3*s**3 + 0*s - 1/12*s**4. Calculate t(-4).
4
Let p = 108 + -101. Let t(v) = -v + 10. Give t(p).
3
Let h(m) be the second derivative of 0 - 1/12*m**4 + 2*m + m**2 + m**3. Calculate h(3).
11
Let u(p) = p**2 - 2*p - 2. Let m(v) = v + 3. Let s be m(2). Give u(s).
13
Suppose 5*g - 3 = 2. Let s(a) = -1. Let c(r) = -r**2 + 5*r - 1. Let p(t) = g*c(t) - 6*s(t). Calculate p(6).
-1
Let u be (-5)/(-20) + (0 - 0). Let a(g) be the first derivative of 1 + 2*g + 0*g**3 - 1/2*g**2 + u*g**4. Give a(-2).
-4
Let f = 7 - 11. Let g(z) be the first derivative of z**5/120 + 7*z**4/24 + z**3 - 2. Let x(w) be the third derivative of g(w). Calculate x(f).
3
Let o(k) = -k - 4. Let m(v) = v**2 + 27*v - 9. Let x be m(-27). Give o(x).
5
Let z(y) = -y**2 - 8. Let g(m) = 4*m - 11. Let l be g(9). Suppose 0*v - l = 4*v + 5*q, 3*q + 15 = 0. Determine z(v).
-8
Let b(g) = -g - 3. Let n(k) = -k - 1. Let l(m) = -b(m) + 2*n(m). Suppose -3 = -q - 2. Let u(h) = -10*h + 2. Let p(f) = q*u(f) - 2*l(f). Determine p(-1).
8
Let p(v) = v + 3. Let r be 12/3 + 4 - 4/1. What is p(r)?
7
Let o(r) be the first derivative of r**3/3 - 3*r**2 - 6*r - 11. Give o(7).
1
Let j(k) = 4*k**2 + 2 + 8*k**3 - 7*k**3 - 3*k**2. Calculate j(0).
2
Let k(i) be the third derivative of i**8/20160 - i**7/1260 + i**6/240 + 2*i**5/15 + 11*i**2. Let y(t) be the third derivative of k(t). Calculate y(2).
-1
Let h(k) be the second derivative of k**5/20 + k**4/12 + k**3/3 - 3*k**2/2 + 2*k. What is h(2)?
13
Let q(p) = -p. Let w(x) = 9*x. Let v(y) = -6*q(y) - w(y). Calculate v(-3).
9
Let r(k) = k - 4. Let f be r(5). Let s be (3 - 1)*(-3)/(-2). Let t(g) = 2*g**2 - 3*g**2 - s*g**2. Give t(f).
-4
Let m be (1 + 1)*(-6)/4. Let w(z) be the second derivative of -z**4/12 - z**3/3 + 2*z**2 - 15*z. Give w(m).
1
Let h(q) = -3*q - 5. Suppose 0 = -p + 5, -n + 14 = 2*p + 2*p. Calculate h(n).
13
Let x(t) be the second derivative of t**6/720 - t**5/60 + t**4/4 - t. Let o(n) be the third derivative of x(n). Calculate o(-3).
-5
Let t(m) = m**2 + 20*m - 2. Let f be t(-20). Let i(x) = -6*x + 1. Calculate i(f).
13
Let g(s) = s**2 + 3*s + 3. Suppose 15 = k - 6*k. Calculate g(k).
3
Let i(s) = -s**2 + s + 1. Let z(r) = r**2 - 2. Let d(x) = x**3 - x**2 - x - 2. Let q be d(0). Let w be z(q). Determine i(w).
-1
Let b = 12 + -15. Let n(u) = -5*u - 4. Let y(d) = 1. Let v(m) = b*y(m) - n(m). What is v(-1)?
-4
Let g(v) = -v**3 + 8*v**2 - 8*v + 10. Let q = -1 - -8. Let z be g(q). Suppose -z*h = -8*h + 5. Let u(w) = -3*w + 1. Calculate u(h).
-2
Suppose -4*f + 0 + 4 = 0. Let c(l) = 4*l**3 + l - 1 + 0*l - 5*l**3 - l**2. Calculate c(f).
-2
Suppose 5*j + 8 = 3*j. Let d(l) = l**3 + l**2 + l. Let f(q) = -4*q**3 - 2*q**2 - 10*q + 2. Let h(s) = -5*d(s) - f(s). Calculate h(j).
-6
Let f(c) = 3*c - 7. Let y(r) = -r. Let l(u) = f(u) + 4*y(u). Calculate l(-6).
-1
Let d(p) = -p**2 - 4. Let i be 21/6*2*-1. Let b(l) = 4 + 0*l + l**2 + 0*l + l. Let a(t) = i*b(t) - 6*d(t). Give a(-6).
2
Let a(x) = -3*x + 6. Let c(g) = -4*g + 5. Let m(f) = -5*a(f) + 4*c(f). Let b(t) = -2*t + 5. Let h be b(5). Let s be m(h). Let y(l) = -l**2 - 6*l - 1. Give y(s).
4
Let y = -8 - -2. Let x(m) = -m**3 - 7*m**2 - 6*m + 1. Determine x(y).
1
Suppose 5*w - 10 = 0, -2*v + 0*w = -w + 12. Let c(n) = -n - 1. What is c(v)?
4
Let o(t) be the third derivative of -t**4/24 - 5*t**3/6 + 11*t**2. Calculate o(7).
-12
Let j be (-6)/4*(-14 + 18). Let z(p) = -p**3 - 7*p**2 - 5*p + 3. Give z(j).
-3
Let o(t) be the second derivative of -t**7/2520 - t**6/360 - t**4/6 - 4*t. Let v(l) be the third derivative of o(l). Determine v(-2).
0
Let b(q) = 0 - 3*q + q**2 - 2 + 4. Let h be 2 + -2 + (4 - 4). Let g = 3 - h. What is b(g)?
2
Let c(d) be the second derivative of d**7/840 + d**5/120 + d**4/24 + d**3/6 + 2*d. Let h(y) be the second derivative of c(y). Give h(0).
1
Let l(m) = 3*m + 1. Suppose 2*z = 3*t + 8, z - 6 + 3 = t. Give l(t).
-5
Let y be (-14)/(-6) + 1/(-3). Let n(b) = -2*b + b**2 + 3 - 2*b + 0*b**y. Let z = -2 + 4. What is n(z)?
-1
Let h(j) = -j**3 + 7*j**2 + 9*j - 6. Let f be h(8). Let v(s) = 0*s + s**3 + s - 4*s**2 - s**f + 2 - 3*s. What is v(5)?
-8
Let o(i) be the second derivative of 2*i**3/3 + i**2/2 + i. Suppose -3*g + 10 = -g, 4*w + 2*g - 22 = 0. Let n be 7/w + (-1)/3. Determine o(n).
9
Suppose 0 = c - 0*c + 4. Let k(v) = v - 6. Let x(y) = y - 6. Let h(a) = c*x(a) + 3*k(a). What is h(5)?
1
Let v(u) be the second derivative of -3/2*u**2 + 1/2*u**3 + 0 - 7*u + 1/12*u**4. Give v(-4).
1
Let k(i) = -i**2 - 4*i - 2. Let r be k(-4). Suppose 7*p = 2*p - 5. Let b be p*10/((-4)/r). Let z(d) = d**3 + 5*d**2 - d - 7. Give z(b).
-2
Suppose j + 3*s = -10, 2*j + s = -j + 2. Let d(z) = -5*z - 2. Let x(g) = 6*g + 3. Let p(y) = j*x(y) + 3*d(y). Calculate p(5).
-15
Let p = 3 + -2. Let i(x) = 3*x**2 - x. What is i(p)?
2
Let q be 4/((-3 - -2)*-2). Suppose -q*a + 4 = -8. Let l(i) = -i + 4. Let r(b) = -2*b + 8. Let n(s) = -9*l(s) + 4*r(s). Give n(a).
2
Let d(x) = x - 4. Suppose -2*i = -i, 5*f = 5*i + 30. Calculate d(f).
2
Let r(b) = b**3 + 5*b**2 + 2*b + 1. Let p(i) = i**2 + 9*i + 10. Let g be p(-7). Let o = -8 - g. Give r(o).
9
Suppose t = -y - 2*t + 11, -6 = -2*t. Let v(i) be the first derivative of 1/2*i**y - i - 2. Determine v(1).
0
Suppose -2*p + 6*p + 16 = 0. Let v(t) = 4*t**3 - 5*t**2 - 10*t + 15. Let u(r) = -r**3 + 2*r**2 + 3*r - 5. Let m(j) = -7*u(j) - 2*v(j). What is m(p)?
9
Let d(u) = -3*u**3 - u**2 - u - 1. Let z(s) = 4*s + 19. Let y be z(-5). What is d(y)?
2
Let a(u) = u + 6. Let b(r) = r**2 - 5*r - 5. Let w be b(8). Suppose -2*g + 7 - w = 0. Calculate a(g).
0
Let u(h) = 2*h**3 + h**2 - 4*h + 3. Let i be u(2). Let w = i - 9. Let c be ((-16)/24)/(2/w). Let g(s) = s + 3. Determine g(c).
1
Let y(q) = -2*q + 10. Suppose 0 = 14*m - 15*m + 7. Determine y(m).
-4
Let x(a) = -6*a**2 - 2 + 4*a**2 - 4*a**3 + 5*a**3. Give x(3).
7
Let v(i) be the second derivative of i**4/12 - i**3/6 + i**2/2 + 4*i. What is v(0)?
1
Let h(i) = -i**3 - 1 + 4*i**2 - 3*i - 2*i + 9*i. Let o be 1/6 - (2001/(-18))/23. Calculate h(o).
-6
Let x = 2 - -1. Let q = x - 1. Let l(t) = 10*t - 10. Let m(a) = 7*a - 7. Let r(b) = -5*l(b) + 7*m(b). Determine r(q).
-1
Let c be (3/(-5))/(3/(-75)). Suppose -c = 4*n + n. Let g(t) = -t**2 - 4*t + 4. Determine g(n).
7
Let x = 15 - 7. Suppose 2*a - x = -2*a. Let g(y) = 6*y - 2. Let v(z) = -z. Let l(j) = g(j) + 2*v(j). Calculate l(a).
6
Let y(p) = p**3. Let x(q) = q**2 + 5*q + 3. Let v be x(-4). What is y(v)?
-1
Let j = -55 - -48. Let f(u) = -2*u**3 + 7*u**2 + 5*u + 9. Let c(q) = -3*q**3 + 14*q**2 + 9*q + 18. Let o(r) = -3*c(r) + 5*f(r). Determine o(j).
5
Let g(b) = -b + 9. Let y be g(6). Suppose -f = y*f. Let o(s) = -2*s + f + 8*s - 1. What is o(-1)?
-7
Suppose -17 = -2*a + 5*d, -5*a + 16 = -5*d - 4. Let f(o) = 6*o - 1 + 2 + o**2 + a. Let k be f(-5). Let t(c) = -2*c**2 - 3*c + 4. Give t(k).
-5
Suppose 16*m - 25 = 21*m. Let l(g) = g**3 + 6*g**2 + 7*g + 3. Give l(m).
-7
Let s(a) = -4*a + 1. Let k(t) = t + 2. Let b(j) = -5*k(j) - s(j). Calculate b(-14).
3
Let m(j) be the third derivative of j**4/12 + j**3 - 3*j**2. Suppose p + 8 = 3*p. Suppose -5*k - 4*n - 10 = 14, -k - p*n = 8. Calculate m(k).
-2
Let s(n) = 2*n + 3. Suppose 4*u = 2*u + 4. Suppose 2*x = q, -2 = q + 2*x + u. Let a = 0 + q. What is s(a)?
-1
Let i(v) = 5*v**3 - 9*v + 6. Let f(h) = 6*h**3 - h**2 - 10*h + 7. Let b(s) = 4*f(s) - 5*i(s). Let m(p) = 3*p - 2*p - 2 + 1. Let k be m(-4). What is b(k)?
-2
Let t = 112 + -114. Suppose -2*w = 4*k - 14, w = -k + 3*k - 1. Let h(n) = 0*n - 3*n + 2 - 5*n**k + 4*n**2. What is h(t)?
4
Let i = 54 - 59. Let d(u) be the first derivative of u**2/2 - 4*u - 1. What is d(i)?
-9
Let d(k) = 25*k - 98. Let g be d(4). Let i(j) = -1 + 3 + 3*j + 0*j. What is i(g)?
8
Let j = 26 - 16. Let q be (j/(-3))/(10/(-15)). Let v(m) = -m + 6*m**2 + 6 - 6*m - 3*m**3 + 2*m**3. What is v(q)?
-4
Let w = 28 + -20. Suppose w = h + 7. Let q(l) = 7*l - 1. What is q(h)?
6
Let s(m) be the second derivative of m**4/12 - 5*m**3/6 - 5*m**2 - 3*m. What is s(8)?
14
Suppose a = -4*o, 3*a = -2*a - 3*o - 17. Let w(j) = -4*j - 6. Let x(h) = -h - 1. Let r be (-2)/(1 - (-9)/(-3)). Let y(b) = r*w(b) - 5*x(b). What is y(a)?
-5
Let a(k) = 